4*m - 16, 3*g - 6*g + 5*m + 4 = 0. Suppose -g*x + 6*x - 399 = 0. Suppose -x = -u + 4*b, 475 = -4*u + 8*u + 3*b. What is the tens digit of u?
2
Let z be 602 - (0 + 8/(-2) + 6). Suppose h = -z + 1564. What is the units digit of h?
4
Let f(j) = -j**3 + 20*j**2 - 13*j - 81. Let d be f(19). Suppose 0 = -32*z + d*z - 345. What is the tens digit of z?
4
Suppose 0 = 5*u + 39 - 14, -5*u - 133389 = 4*a. What is the hundreds digit of (4/14)/(4 - (-133353)/a)?
8
Suppose 429 = -2*g - 5*u, 3*g - 169 = -2*u - 840. What is the tens digit of (30 - 31)*(0 - g)*-1?
2
Suppose -4085 - 3265 = -7*m. Let y = -534 + m. What is the tens digit of y?
1
Suppose 50 = 2*v + 4*f, -v - 150 = -5*v + 2*f. Suppose -4*j - 4*t - 19 = 9, 5*j - 5*t = -v. Let o(r) = -r**2 - 18*r - 10. What is the units digit of o(j)?
7
Let j = -1 - -6. Suppose 16*b = 13*b + 4*t + 196, 2*b + 5*t = 169. Suppose o + 3*m - b = 5*m, j*o - 412 = -3*m. What is the units digit of o?
0
Let g be (-3 + 9 + -90)/(4/(-6)). Let v = 451 - g. What is the tens digit of v?
2
Let b be (-25)/5*-38*1. Let z = b - 96. Let v = z + 13. What is the tens digit of v?
0
Suppose 13 = c + 2*v, -2*v = 4*c + 2 - 54. Suppose -c*u = -30*u + 16898. What is the tens digit of u?
9
Let k be (-4596)/(-14) - ((-78)/21 + 4). Let b = -150 + k. Let i = b + -83. What is the tens digit of i?
9
Let m(l) = 7*l + 13*l - 19*l + 437. What is the tens digit of m(0)?
3
Let z(k) = -10*k + 65. Let y(a) = 48*a - 322. Let i(w) = -6*y(w) - 28*z(w). What is the units digit of i(6)?
4
Let i = -3725 - -6802. What is the hundreds digit of i?
0
Let b be (2 + (0 - 2))/((-14)/(-7)). Suppose 2*y = -5*d + 384, -5*y + 0*y + 3*d + 1022 = b. What is the units digit of y?
2
Let d = 25992 - 14854. What is the thousands digit of d?
1
Suppose -139 + 502 = -3*h. Let i = 244 + h. Suppose 6*d + i = 9*d. What is the units digit of d?
1
Let z(l) = 480*l + 1596. What is the units digit of z(9)?
6
Let k = -1610 + 1835. What is the units digit of k?
5
Let v(g) = 47*g**2 + 20*g - 61. Let p = 120 + -117. What is the units digit of v(p)?
2
Suppose -10*x + 2 + 18 = 0. Suppose x*d + 87 = 119. What is the tens digit of (538/3 - 0)*24/d?
6
Suppose 4*o = -2*x + 90, 28*o - x + 105 = 33*o. Let j = 6 + -10. What is the hundreds digit of -1 - ((-1)/j + (-2045)/o)?
1
Let h(l) = l**3 - 11*l**2 + l - 2. Let b be h(11). Suppose -b*k + 3*k = -13398. Suppose -16*q + k = 137. What is the tens digit of q?
3
Suppose 9*k + 6544 = 5*k + 3*x, 0 = 5*k + x + 8180. Let i = -663 - k. What is the units digit of i?
3
Let o(f) = 57*f + 726. What is the units digit of o(21)?
3
Let f be 60*1*(-138)/(-12). Let n = 1207 - f. What is the units digit of n?
7
Let c = -78 + 78. Suppose -y - a + c*a + 7 = 0, 3*a = -y + 15. Suppose 12*s = y*s + 1980. What is the hundreds digit of s?
2
Let c(o) = 89*o**3 + o**2 - o. Let u = -10 - -16. Suppose 0 = g + u*g - 7. What is the units digit of c(g)?
9
Suppose k + 17287 = 2*l, l = 28*k - 27*k + 8645. What is the units digit of l?
2
Let w(u) = 284*u**2 + 21*u + 35. Let f(i) = 2*i**3 - 18*i**2 + 2*i - 20. Let l be f(9). What is the hundreds digit of w(l)?
1
Let o be 2/(-9) + (-4572)/(-162). Let p = 141 + -64. Suppose f = p + o. What is the tens digit of f?
0
What is the units digit of (-4)/22 - ((-2793996)/462 + (-8)/14)?
8
Suppose 15 - 7 = 4*t. Suppose -t*s - 2637 - 1091 = -4*i, 0 = 5*s + 20. What is the units digit of i?
0
Suppose 2215 = 5*w + 2*u, 8*u = w + 12*u - 443. What is the hundreds digit of w?
4
Suppose 49 = 8*k - 79. Let a(o) = -o**3 + 15*o**2 + 16*o - 10. Let i be a(k). What is the tens digit of (-1652)/i + (-2)/10?
6
Let j = 61 + -55. Let f be ((-4)/j)/((-4)/(-6))*-188. Suppose -3*n + 3*x + 52 = -f, -n - 2*x + 74 = 0. What is the tens digit of n?
7
Let a be 32/(-48)*72/1. Suppose 6*y - 2*y + 5*i = 231, 105 = 2*y - i. Let f = y - a. What is the tens digit of f?
0
Suppose 57*w - 52*w = -4*u + 8123, w - 2*u = 1633. Suppose -n - 2*m + 536 = 0, -2*n - 3*m + w = 560. What is the units digit of n?
6
Suppose 11*q - 21*q - 55440 = 0. What is the hundreds digit of (434/42 + -7)/((-10)/q)?
8
Let u = -13616 - -19636. What is the tens digit of u?
2
Suppose -3*w = 3*i - 51696, 327*i = 328*i - 5*w - 17244. What is the ten thousands digit of i?
1
Suppose 5*x + 30 = -3*m - 15, 5*m + 36 = -4*x. Let n(d) = d**3 + 12*d**2 - 12*d - 21. What is the units digit of n(x)?
0
Let m(p) be the third derivative of 23*p**5/20 - p**4/8 - 2*p**3 - 123*p**2. What is the hundreds digit of m(-2)?
2
Suppose 4*i - 14771 = -5*g, -5*i - 11825 = -48*g + 44*g. What is the hundreds digit of g?
9
Let k(r) = r**2 - 14*r + 10. Let l be k(6). Let w = -35 - l. What is the tens digit of 2745/27 + 1/w?
0
Let q be ((6750/4)/9)/(9/(-54)). Let h = q - -2343. What is the units digit of h?
8
Let l(g) be the second derivative of -9*g**5/10 - g**4/6 - g**3/6 + g**2/2 + 12*g. Suppose -13*w + 12*w = 3*o - 2, 4*w = o - 5. What is the tens digit of l(w)?
1
Let y(c) = 622*c**2 - 48*c - 5. What is the units digit of y(4)?
5
Suppose -7*j - 35 = -2*j. Let u(c) be the first derivative of -7*c**2 - 42*c + 1308. What is the tens digit of u(j)?
5
Let n = -300 + 304. Suppose 200 = 5*q - n*q + 5*c, -386 = -2*q - 3*c. What is the hundreds digit of q?
1
Suppose 0 = 59*y + 522053 - 2353841 - 1519. What is the tens digit of y?
7
Suppose 0 = -4*i + 16, -31*i - 61472 = -2*x - 30*i. What is the ten thousands digit of x?
3
Let r be (-15)/45 - (-115)/3. Suppose -4*c - c + r = 4*o, 44 = 4*o + 2*c. What is the tens digit of (-32)/6*(-63)/o?
2
Let k be (-2 - -1)/((-2)/706). Suppose -6 + 11 - 13 = -4*h. Suppose -2*z - l = -142, -5*z - h*l = -0*l - k. What is the units digit of z?
9
Let b = -9 + 11. Suppose -44*t = -40*t - 1420. Suppose -2*w = 4, 3*i + b*w = -2*w + t. What is the tens digit of i?
2
Let f = -119 - -29. Let i(l) = 10*l - 7. Let z be i(-5). Let o = z - f. What is the tens digit of o?
3
Let r be 9/(270/3732) - (-4)/(-10). What is the hundreds digit of 4/((-48)/r)*-45?
4
Let g = -2415 - -2634. What is the units digit of g?
9
Let m(j) = -29*j + 21. Let z be m(-9). Let i be 4 + z + (-1 - -1). Suppose -287*s + 218 = -i*s. What is the hundreds digit of s?
2
Let q = -53 + 110. Let f = 60 - q. Suppose f*k = 1 + 110. What is the tens digit of k?
3
Let h = 18127 + -6072. What is the hundreds digit of h?
0
Let y(c) = 10964*c + 95. What is the ten thousands digit of y(2)?
2
What is the tens digit of (-28 + 680/30)/(((-4)/(-2463))/(-2))?
6
Let n(l) = 115561*l - 2*l**2 - 115620*l - 23 - 17. Let z be (-2 + 4)/((-2)/27). What is the units digit of n(z)?
5
Suppose -182*z + 167*z + 78504 = -75351. What is the thousands digit of z?
0
Suppose a = -4*s + 24, 10*a - 5*a + 48 = 4*s. Let q(c) = -5*c + 10. Let t(x) = x + 1. Let o(p) = q(p) + 6*t(p). What is the units digit of o(s)?
3
Let u(x) = -253*x**3 - 9*x**2 - 31*x - 24. What is the units digit of u(-4)?
8
Let f(k) = 1905*k - 13. What is the thousands digit of f(7)?
3
Let f(w) = 119*w - 3142. What is the units digit of f(85)?
3
Suppose -7*i - 7062 = 15*i. Let a = i + 392. What is the units digit of a?
1
Let k be ((-1)/2)/(9 + (-754)/84). Let z(g) = -g**3 - 19*g**2 + 30*g + 51. What is the hundreds digit of z(k)?
3
Suppose 9*u - 341 = 2224. What is the hundreds digit of u?
2
Let l = 7842 - -1354. What is the hundreds digit of l?
1
Let c(p) = p**2 - 21*p - 6. Suppose -5*m = -2*g - 67, 2*g = m - 2*m - 73. Let w be 1/((3/g)/(9/12)). What is the units digit of c(w)?
4
Let z(q) = q**2 - 10*q + 28. Let j be z(4). Suppose 674 = 2*a + 8*i - j*i, 5*a - 1711 = 3*i. What is the units digit of a?
1
Suppose 187*q + 163728 = 1607574 + 418487. What is the thousands digit of q?
9
Let v = 2 - -43. Let p(s) = v*s - 12*s + 2 + 0 - 6. What is the tens digit of p(3)?
9
Suppose -21*q + 1059981 - 314796 = 0. What is the units digit of q?
5
Let k(l) = 6*l**2 + 5*l + 4. Let s be k(-3). Let m be 29 - (6/24 - (-3)/4). Suppose s = n - m. What is the units digit of n?
1
Suppose 5*b - 2*r = 5676, -b + 5*r = -4*b + 3418. Suppose -i + 74 = -b. What is the tens digit of (i/30)/(1/3*1)?
2
Let l be ((-328)/10)/(5/(-25)). Suppose -3*c - z = -c - 512, -5*c + z = -1287. Let u = c - l. What is the tens digit of u?
9
Let u = -375 - -377. Suppose 86 = n - 3*w - 373, -u*n - 2*w = -934. What is the tens digit of n?
6
Suppose 9*p - 25 = 2. What i